{"id":21384,"date":"2015-03-31T19:13:16","date_gmt":"2015-03-31T19:13:16","guid":{"rendered":"http:\/\/www.imagenia.eu\/wp-content\/uploads\/2015\/03\/Sin-t\u00edtulo-11.jpg"},"modified":"2015-03-31T19:13:16","modified_gmt":"2015-03-31T19:13:16","slug":"sin-titulo-1-8-2","status":"inherit","type":"attachment","link":"https:\/\/www.imagenia.eu\/fr\/mueble4you-tenerife-meubles-a-tenerife-magasin-de-meubles-a-tenerife\/sin-titulo-1-8-2\/","title":{"rendered":"Sin t\u00edtulo-1"},"author":3,"featured_media":0,"comment_status":"closed","ping_status":"closed","template":"","meta":[],"class_list":["post-21384","attachment","type-attachment","status-inherit","hentry"],"yoast_head":"<!-- This site is optimized with the Yoast SEO plugin v27.3 - https:\/\/yoast.com\/product\/yoast-seo-wordpress\/ -->\n<title>Sin t\u00edtulo-1 | Imagenia<\/title>\n<meta name=\"robots\" content=\"index, follow, max-snippet:-1, max-image-preview:large, max-video-preview:-1\" \/>\n<link rel=\"canonical\" href=\"https:\/\/www.imagenia.eu\/wp-content\/uploads\/2015\/03\/Sin-t\u00edtulo-11.jpg\" \/>\n<meta property=\"og:locale\" content=\"fr_FR\" \/>\n<meta property=\"og:type\" content=\"article\" \/>\n<meta property=\"og:title\" content=\"Sin t\u00edtulo-1 | Imagenia\" \/>\n<meta property=\"og:url\" content=\"https:\/\/www.imagenia.eu\/wp-content\/uploads\/2015\/03\/Sin-t\u00edtulo-11.jpg\" \/>\n<meta property=\"og:site_name\" content=\"Imagenia\" \/>\n<meta property=\"og:image\" content=\"https:\/\/www.imagenia.eu\/wp-content\/uploads\/2015\/03\/Sin-t\u00edtulo-11.jpg\" \/>\n\t<meta property=\"og:image:width\" content=\"600\" \/>\n\t<meta property=\"og:image:height\" content=\"366\" \/>\n\t<meta property=\"og:image:type\" content=\"image\/jpeg\" \/>\n<script type=\"application\/ld+json\" class=\"yoast-schema-graph\">{\"@context\":\"https:\\\/\\\/schema.org\",\"@graph\":[{\"@type\":\"WebPage\",\"@id\":\"https:\\\/\\\/www.imagenia.eu\\\/wp-content\\\/uploads\\\/2015\\\/03\\\/Sin-t\u00edtulo-11.jpg\",\"url\":\"https:\\\/\\\/www.imagenia.eu\\\/wp-content\\\/uploads\\\/2015\\\/03\\\/Sin-t\u00edtulo-11.jpg\",\"name\":\"Sin t\u00edtulo-1 | Imagenia\",\"isPartOf\":{\"@id\":\"https:\\\/\\\/www.imagenia.eu\\\/#website\"},\"datePublished\":\"2015-03-31T19:13:16+00:00\",\"breadcrumb\":{\"@id\":\"https:\\\/\\\/www.imagenia.eu\\\/wp-content\\\/uploads\\\/2015\\\/03\\\/Sin-t\u00edtulo-11.jpg#breadcrumb\"},\"inLanguage\":\"fr-FR\",\"potentialAction\":[{\"@type\":\"ReadAction\",\"target\":[\"https:\\\/\\\/www.imagenia.eu\\\/wp-content\\\/uploads\\\/2015\\\/03\\\/Sin-t\u00edtulo-11.jpg\"]}]},{\"@type\":\"BreadcrumbList\",\"@id\":\"https:\\\/\\\/www.imagenia.eu\\\/wp-content\\\/uploads\\\/2015\\\/03\\\/Sin-t\u00edtulo-11.jpg#breadcrumb\",\"itemListElement\":[{\"@type\":\"ListItem\",\"position\":1,\"name\":\"Mueble4you Tenerife, Magasin de Meubles \u00e0 Tenerife, Meubles de terrasse \u00e0 Tenerife, Chambres \u00e0 Tenerife, D\u00e9coration \u00e0 Tenerife.\",\"item\":\"https:\\\/\\\/www.imagenia.eu\\\/fr\\\/mueble4you-tenerife-meubles-a-tenerife-magasin-de-meubles-a-tenerife\\\/\"},{\"@type\":\"ListItem\",\"position\":2,\"name\":\"Sin t\u00edtulo-1\"}]},{\"@type\":\"WebSite\",\"@id\":\"https:\\\/\\\/www.imagenia.eu\\\/#website\",\"url\":\"https:\\\/\\\/www.imagenia.eu\\\/\",\"name\":\"Imagenia\",\"description\":\"Consultora de imagen de empresas y profesionales en Tenerife, Canarias.\",\"potentialAction\":[{\"@type\":\"SearchAction\",\"target\":{\"@type\":\"EntryPoint\",\"urlTemplate\":\"https:\\\/\\\/www.imagenia.eu\\\/?s={search_term_string}\"},\"query-input\":{\"@type\":\"PropertyValueSpecification\",\"valueRequired\":true,\"valueName\":\"search_term_string\"}}],\"inLanguage\":\"fr-FR\"}]}<\/script>\n<!-- \/ Yoast SEO plugin. -->","yoast_head_json":{"title":"Sin t\u00edtulo-1 | Imagenia","robots":{"index":"index","follow":"follow","max-snippet":"max-snippet:-1","max-image-preview":"max-image-preview:large","max-video-preview":"max-video-preview:-1"},"canonical":"https:\/\/www.imagenia.eu\/wp-content\/uploads\/2015\/03\/Sin-t\u00edtulo-11.jpg","og_locale":"fr_FR","og_type":"article","og_title":"Sin t\u00edtulo-1 | Imagenia","og_url":"https:\/\/www.imagenia.eu\/wp-content\/uploads\/2015\/03\/Sin-t\u00edtulo-11.jpg","og_site_name":"Imagenia","og_image":[{"width":600,"height":366,"url":"https:\/\/www.imagenia.eu\/wp-content\/uploads\/2015\/03\/Sin-t\u00edtulo-11.jpg","type":"image\/jpeg"}],"schema":{"@context":"https:\/\/schema.org","@graph":[{"@type":"WebPage","@id":"https:\/\/www.imagenia.eu\/wp-content\/uploads\/2015\/03\/Sin-t\u00edtulo-11.jpg","url":"https:\/\/www.imagenia.eu\/wp-content\/uploads\/2015\/03\/Sin-t\u00edtulo-11.jpg","name":"Sin t\u00edtulo-1 | Imagenia","isPartOf":{"@id":"https:\/\/www.imagenia.eu\/#website"},"datePublished":"2015-03-31T19:13:16+00:00","breadcrumb":{"@id":"https:\/\/www.imagenia.eu\/wp-content\/uploads\/2015\/03\/Sin-t\u00edtulo-11.jpg#breadcrumb"},"inLanguage":"fr-FR","potentialAction":[{"@type":"ReadAction","target":["https:\/\/www.imagenia.eu\/wp-content\/uploads\/2015\/03\/Sin-t\u00edtulo-11.jpg"]}]},{"@type":"BreadcrumbList","@id":"https:\/\/www.imagenia.eu\/wp-content\/uploads\/2015\/03\/Sin-t\u00edtulo-11.jpg#breadcrumb","itemListElement":[{"@type":"ListItem","position":1,"name":"Mueble4you Tenerife, Magasin de Meubles \u00e0 Tenerife, Meubles de terrasse \u00e0 Tenerife, Chambres \u00e0 Tenerife, D\u00e9coration \u00e0 Tenerife.","item":"https:\/\/www.imagenia.eu\/fr\/mueble4you-tenerife-meubles-a-tenerife-magasin-de-meubles-a-tenerife\/"},{"@type":"ListItem","position":2,"name":"Sin t\u00edtulo-1"}]},{"@type":"WebSite","@id":"https:\/\/www.imagenia.eu\/#website","url":"https:\/\/www.imagenia.eu\/","name":"Imagenia","description":"Consultora de imagen de empresas y profesionales en Tenerife, Canarias.","potentialAction":[{"@type":"SearchAction","target":{"@type":"EntryPoint","urlTemplate":"https:\/\/www.imagenia.eu\/?s={search_term_string}"},"query-input":{"@type":"PropertyValueSpecification","valueRequired":true,"valueName":"search_term_string"}}],"inLanguage":"fr-FR"}]}},"description":{"rendered":"<p class=\"attachment\"><a data-rel=\"iLightbox[postimages]\" data-title=\"\" data-caption=\"\" href='https:\/\/www.imagenia.eu\/wp-content\/uploads\/2015\/03\/Sin-t\u00edtulo-11.jpg'><img decoding=\"async\" width=\"300\" height=\"183\" src=\"https:\/\/www.imagenia.eu\/wp-content\/uploads\/2015\/03\/Sin-t\u00edtulo-11-300x183.jpg\" class=\"attachment-medium size-medium\" alt=\"\" srcset=\"https:\/\/www.imagenia.eu\/wp-content\/uploads\/2015\/03\/Sin-t\u00edtulo-11-150x92.jpg 150w, https:\/\/www.imagenia.eu\/wp-content\/uploads\/2015\/03\/Sin-t\u00edtulo-11-300x183.jpg 300w, https:\/\/www.imagenia.eu\/wp-content\/uploads\/2015\/03\/Sin-t\u00edtulo-11.jpg 600w\" sizes=\"(max-width: 300px) 100vw, 300px\" \/><\/a><\/p>\n"},"caption":{"rendered":""},"alt_text":"","media_type":"image","mime_type":"image\/jpeg","media_details":{"width":600,"height":366,"file":"2015\/03\/Sin-t\u00edtulo-11.jpg","sizes":{"thumbnail":{"file":"Sin-t\u00edtulo-11-150x92.jpg","width":150,"height":92,"mime_type":"image\/jpeg","source_url":"https:\/\/www.imagenia.eu\/wp-content\/uploads\/2015\/03\/Sin-t\u00edtulo-11-150x92.jpg"},"medium":{"file":"Sin-t\u00edtulo-11-300x183.jpg","width":300,"height":183,"mime_type":"image\/jpeg","source_url":"https:\/\/www.imagenia.eu\/wp-content\/uploads\/2015\/03\/Sin-t\u00edtulo-11-300x183.jpg"},"blog-large":{"file":"Sin-t\u00edtulo-11-600x272.jpg","width":600,"height":272,"mime_type":"image\/jpeg","source_url":"https:\/\/www.imagenia.eu\/wp-content\/uploads\/2015\/03\/Sin-t\u00edtulo-11-600x272.jpg"},"blog-medium":{"file":"Sin-t\u00edtulo-11-320x202.jpg","width":320,"height":202,"mime_type":"image\/jpeg","source_url":"https:\/\/www.imagenia.eu\/wp-content\/uploads\/2015\/03\/Sin-t\u00edtulo-11-320x202.jpg"},"tabs-img":{"file":"Sin-t\u00edtulo-11-52x50.jpg","width":52,"height":50,"mime_type":"image\/jpeg","source_url":"https:\/\/www.imagenia.eu\/wp-content\/uploads\/2015\/03\/Sin-t\u00edtulo-11-52x50.jpg"},"related-img":{"file":"Sin-t\u00edtulo-11-180x138.jpg","width":180,"height":138,"mime_type":"image\/jpeg","source_url":"https:\/\/www.imagenia.eu\/wp-content\/uploads\/2015\/03\/Sin-t\u00edtulo-11-180x138.jpg"},"portfolio-one":{"file":"Sin-t\u00edtulo-11-540x272.jpg","width":540,"height":272,"mime_type":"image\/jpeg","source_url":"https:\/\/www.imagenia.eu\/wp-content\/uploads\/2015\/03\/Sin-t\u00edtulo-11-540x272.jpg"},"portfolio-two":{"file":"Sin-t\u00edtulo-11-460x295.jpg","width":460,"height":295,"mime_type":"image\/jpeg","source_url":"https:\/\/www.imagenia.eu\/wp-content\/uploads\/2015\/03\/Sin-t\u00edtulo-11-460x295.jpg"},"portfolio-three":{"file":"Sin-t\u00edtulo-11-300x214.jpg","width":300,"height":214,"mime_type":"image\/jpeg","source_url":"https:\/\/www.imagenia.eu\/wp-content\/uploads\/2015\/03\/Sin-t\u00edtulo-11-300x214.jpg"},"portfolio-four":{"file":"Sin-t\u00edtulo-11-220x161.jpg","width":220,"height":161,"mime_type":"image\/jpeg","source_url":"https:\/\/www.imagenia.eu\/wp-content\/uploads\/2015\/03\/Sin-t\u00edtulo-11-220x161.jpg"},"portfolio-five":{"file":"Sin-t\u00edtulo-11-177x142.jpg","width":177,"height":142,"mime_type":"image\/jpeg","source_url":"https:\/\/www.imagenia.eu\/wp-content\/uploads\/2015\/03\/Sin-t\u00edtulo-11-177x142.jpg"},"portfolio-six":{"file":"Sin-t\u00edtulo-11-147x118.jpg","width":147,"height":118,"mime_type":"image\/jpeg","source_url":"https:\/\/www.imagenia.eu\/wp-content\/uploads\/2015\/03\/Sin-t\u00edtulo-11-147x118.jpg"},"recent-works-thumbnail":{"file":"Sin-t\u00edtulo-11-66x66.jpg","width":66,"height":66,"mime_type":"image\/jpeg","source_url":"https:\/\/www.imagenia.eu\/wp-content\/uploads\/2015\/03\/Sin-t\u00edtulo-11-66x66.jpg"},"full":{"file":"Sin-t\u00edtulo-11.jpg","width":600,"height":366,"mime_type":"image\/jpeg","source_url":"https:\/\/www.imagenia.eu\/wp-content\/uploads\/2015\/03\/Sin-t\u00edtulo-11.jpg"}},"image_meta":{"aperture":0,"credit":"","camera":"","caption":"","created_timestamp":0,"copyright":"","focal_length":0,"iso":0,"shutter_speed":0,"title":"","orientation":1}},"post":21109,"source_url":"https:\/\/www.imagenia.eu\/wp-content\/uploads\/2015\/03\/Sin-t\u00edtulo-11.jpg","_links":{"self":[{"href":"https:\/\/www.imagenia.eu\/fr\/wp-json\/wp\/v2\/media\/21384","targetHints":{"allow":["GET"]}}],"collection":[{"href":"https:\/\/www.imagenia.eu\/fr\/wp-json\/wp\/v2\/media"}],"about":[{"href":"https:\/\/www.imagenia.eu\/fr\/wp-json\/wp\/v2\/types\/attachment"}],"author":[{"embeddable":true,"href":"https:\/\/www.imagenia.eu\/fr\/wp-json\/wp\/v2\/users\/3"}],"replies":[{"embeddable":true,"href":"https:\/\/www.imagenia.eu\/fr\/wp-json\/wp\/v2\/comments?post=21384"}],"wp:attached-to":[{"embeddable":true,"post_type":"post","id":21109,"href":"https:\/\/www.imagenia.eu\/fr\/wp-json\/wp\/v2\/posts\/21109"}],"curies":[{"name":"wp","href":"https:\/\/api.w.org\/{rel}","templated":true}]}}

http://www.imagenia.eu/wp-content/uploads/2015/03/Sin-título-11.jpg

Sin título-1

<!-- This site is optimized with the Yoast SEO plugin v27.3 - https://yoast.com/product/yoast-seo-wordpress/ -->
<title>Sin título-1 | Imagenia</title>
<meta name="robots" content="index, follow, max-snippet:-1, max-image-preview:large, max-video-preview:-1" />
<link rel="canonical" href="https://www.imagenia.eu/wp-content/uploads/2015/03/Sin-título-11.jpg" />
<meta property="og:locale" content="fr_FR" />
<meta property="og:type" content="article" />
<meta property="og:title" content="Sin título-1 | Imagenia" />
<meta property="og:url" content="https://www.imagenia.eu/wp-content/uploads/2015/03/Sin-título-11.jpg" />
<meta property="og:site_name" content="Imagenia" />
<meta property="og:image" content="https://www.imagenia.eu/wp-content/uploads/2015/03/Sin-título-11.jpg" />
	<meta property="og:image:width" content="600" />
	<meta property="og:image:height" content="366" />
	<meta property="og:image:type" content="image/jpeg" />
<script type="application/ld+json" class="yoast-schema-graph">{"@context":"https:\/\/schema.org","@graph":[{"@type":"WebPage","@id":"https:\/\/www.imagenia.eu\/wp-content\/uploads\/2015\/03\/Sin-título-11.jpg","url":"https:\/\/www.imagenia.eu\/wp-content\/uploads\/2015\/03\/Sin-título-11.jpg","name":"Sin título-1 | Imagenia","isPartOf":{"@id":"https:\/\/www.imagenia.eu\/#website"},"datePublished":"2015-03-31T19:13:16+00:00","breadcrumb":{"@id":"https:\/\/www.imagenia.eu\/wp-content\/uploads\/2015\/03\/Sin-título-11.jpg#breadcrumb"},"inLanguage":"fr-FR","potentialAction":[{"@type":"ReadAction","target":["https:\/\/www.imagenia.eu\/wp-content\/uploads\/2015\/03\/Sin-título-11.jpg"]}]},{"@type":"BreadcrumbList","@id":"https:\/\/www.imagenia.eu\/wp-content\/uploads\/2015\/03\/Sin-título-11.jpg#breadcrumb","itemListElement":[{"@type":"ListItem","position":1,"name":"Mueble4you Tenerife, Magasin de Meubles à Tenerife, Meubles de terrasse à Tenerife, Chambres à Tenerife, Décoration à Tenerife.","item":"https:\/\/www.imagenia.eu\/fr\/mueble4you-tenerife-meubles-a-tenerife-magasin-de-meubles-a-tenerife\/"},{"@type":"ListItem","position":2,"name":"Sin título-1"}]},{"@type":"WebSite","@id":"https:\/\/www.imagenia.eu\/#website","url":"https:\/\/www.imagenia.eu\/","name":"Imagenia","description":"Consultora de imagen de empresas y profesionales en Tenerife, Canarias.","potentialAction":[{"@type":"SearchAction","target":{"@type":"EntryPoint","urlTemplate":"https:\/\/www.imagenia.eu\/?s={search_term_string}"},"query-input":{"@type":"PropertyValueSpecification","valueRequired":true,"valueName":"search_term_string"}}],"inLanguage":"fr-FR"}]}</script>
<!-- / Yoast SEO plugin. -->

Sin título-1 | Imagenia

https://www.imagenia.eu/wp-content/uploads/2015/03/Sin-título-11.jpg

https://www.imagenia.eu/wp-content/uploads/2015/03/Sin-título-11.jpg#breadcrumb

Mueble4you Tenerife, Magasin de Meubles à Tenerife, Meubles de terrasse à Tenerife, Chambres à Tenerife, Décoration à Tenerife.

<p class="attachment"><a data-rel="iLightbox[postimages]" data-title="" data-caption="" href='https://www.imagenia.eu/wp-content/uploads/2015/03/Sin-título-11.jpg'><img decoding="async" width="300" height="183" src="https://www.imagenia.eu/wp-content/uploads/2015/03/Sin-título-11-300x183.jpg" class="attachment-medium size-medium" alt="" srcset="https://www.imagenia.eu/wp-content/uploads/2015/03/Sin-título-11-150x92.jpg 150w, https://www.imagenia.eu/wp-content/uploads/2015/03/Sin-título-11-300x183.jpg 300w, https://www.imagenia.eu/wp-content/uploads/2015/03/Sin-título-11.jpg 600w" sizes="(max-width: 300px) 100vw, 300px" /></a></p>

2015/03/Sin-título-11.jpg

Sin-título-11-150x92.jpg

https://www.imagenia.eu/wp-content/uploads/2015/03/Sin-título-11-150x92.jpg

Sin-título-11-300x183.jpg

https://www.imagenia.eu/wp-content/uploads/2015/03/Sin-título-11-300x183.jpg

Sin-título-11-600x272.jpg

https://www.imagenia.eu/wp-content/uploads/2015/03/Sin-título-11-600x272.jpg

Sin-título-11-320x202.jpg

https://www.imagenia.eu/wp-content/uploads/2015/03/Sin-título-11-320x202.jpg

Sin-título-11-52x50.jpg

https://www.imagenia.eu/wp-content/uploads/2015/03/Sin-título-11-52x50.jpg

Sin-título-11-180x138.jpg

https://www.imagenia.eu/wp-content/uploads/2015/03/Sin-título-11-180x138.jpg

Sin-título-11-540x272.jpg

https://www.imagenia.eu/wp-content/uploads/2015/03/Sin-título-11-540x272.jpg

Sin-título-11-460x295.jpg

https://www.imagenia.eu/wp-content/uploads/2015/03/Sin-título-11-460x295.jpg

Sin-título-11-300x214.jpg

https://www.imagenia.eu/wp-content/uploads/2015/03/Sin-título-11-300x214.jpg

Sin-título-11-220x161.jpg

https://www.imagenia.eu/wp-content/uploads/2015/03/Sin-título-11-220x161.jpg

Sin-título-11-177x142.jpg

https://www.imagenia.eu/wp-content/uploads/2015/03/Sin-título-11-177x142.jpg

Sin-título-11-147x118.jpg

https://www.imagenia.eu/wp-content/uploads/2015/03/Sin-título-11-147x118.jpg

Sin-título-11-66x66.jpg

https://www.imagenia.eu/wp-content/uploads/2015/03/Sin-título-11-66x66.jpg

Sin-título-11.jpg
